 - 4*v + 6 = 0, -4*v = 5*r - 15. Suppose 57 = 3*q - h, 0 = -r*q - 2*h + 7 + 41. Calculate the remainder when q is divided by 5.
3
Suppose -5*b + h = -195, 2*h - 1 - 77 = -2*b. What is the remainder when b is divided by 8?
7
Suppose 0 = 5*f - 216 + 6. Let o = -8 + f. Suppose 2*z - 5*x = 3 + 1, -2*z = 2*x - 32. Calculate the remainder when o is divided by z.
10
Suppose -2*z = -2, q - 3*q - z = -21. Suppose 0 = 4*f - 2*f, 5*r + 4*f + 175 = 0. Let u = -17 - r. What is the remainder when u is divided by q?
8
Let y be -4*(-3)/30*-5. Let b be ((12 - -1) + y)*1. Suppose b = -4*g + 5*g. Calculate the remainder when 21 is divided by g.
10
Let s(h) = -3*h + 4. Let n be s(-4). Let z = n - 2. Suppose 0 = g - 2*k - 2*k + 3, 0 = -5*g + 5*k + 15. Calculate the remainder when z is divided by g.
4
Let q = -18 - -44. Calculate the remainder when q is divided by 10.
6
Let w = -3 + 5. Suppose -4*p = -12, 2*u - 3*p + 5 = -0*u. Suppose 0 = 4*d - u*a - 4, 0 = -2*d + 3*a - 4*a + 6. What is the remainder when w is divided by d?
0
Let g be (-4)/(-6)*18/(-3). Let m(c) = 2*c**2 + 3*c - 4. Calculate the remainder when m(g) is divided by 9.
7
What is the remainder when (-2)/(-9) - (-1554)/54 is divided by 16?
13
Let k be 2/(-2 + 1) - -150. Let u(r) = -2*r + 5. Calculate the remainder when (k/16)/(1/4) is divided by u(-7).
18
Let m(x) = 13*x - 29. Calculate the remainder when m(4) is divided by 11.
1
What is the remainder when 266/3 + (7 - 60/9) is divided by 15?
14
Suppose 2*p - 2 = 0, 2*j - 4*j - p + 9 = 0. Suppose -81 = -j*s - 29. Calculate the remainder when 64 is divided by s.
12
Suppose -3*s + 6 = -36. Let k(i) = i**2 - 9*i - 6. Let t be k(7). What is the remainder when s is divided by t/6*36/(-15)?
6
Let m = 1 - -14. Calculate the remainder when m is divided by 9.
6
Let a(m) = m + 18. Calculate the remainder when 70 is divided by a(6).
22
What is the remainder when 3*((-100)/(-12) - 4) is divided by 7?
6
Let o(h) = 10*h**3 - h**2 + 2*h - 1. Let u be o(1). Let l = u - 7. Let s = -12 + 17. Calculate the remainder when s is divided by l.
2
Let v(a) = 4*a**2 + a - 1. Let y be v(-5). Suppose 3*c = n - 63, -17 + y = n + 4*c. Calculate the remainder when 1*(n/3 - 0) is divided by 12.
11
Let u be (-2 + -4)*(-1)/1. Suppose -2*h = -u*h + 108. Let o(x) = -3*x + 2. Calculate the remainder when h is divided by o(-4).
13
Suppose -2*x + 54 = x. Suppose -4*r + 58 = -x. What is the remainder when r is divided by 5?
4
Let k = 161 - 22. Calculate the remainder when k is divided by 47.
45
Let u(s) = 2*s**2 - 8*s - 6. Let m = -5 - -15. Calculate the remainder when u(6) is divided by m.
8
Let l(u) = -u**3 + 7*u**2 + 10*u - 17. Calculate the remainder when l(7) is divided by 21.
11
Let h = 173 - 119. Suppose a + 3*a = 8. Suppose 5*i = 3*m - 59, -5*m + 4*i = -a*m - 64. Calculate the remainder when h is divided by m.
26
Let k = -29 - -46. Calculate the remainder when 44 is divided by k.
10
Suppose -4*i - 22 = -x, 3*x + 4*i - 3*i - 1 = 0. Suppose -2*r = -3*t + 141, -x*t + 5*r + 240 = 3*t. Calculate the remainder when t is divided by 16.
13
Let w = 20 + -5. Calculate the remainder when w is divided by 8.
7
Suppose 6*j - 61 = 29. What is the remainder when j is divided by 10?
5
Let s be 8/(-20) - 114/(-10). Calculate the remainder when 46 is divided by (3 - 1) + s - -3.
14
Suppose 3*j - j = 20. Let p(h) = h**3 - 10*h**2 + 3*h - 8. Let x = -6 - -14. Calculate the remainder when p(j) is divided by x.
6
Suppose -3*q = -5*f - 2 + 1, -4*q = -2*f - 6. Suppose o - 13 = 2*t, -q*o + 23 = -4*t + t. What is the remainder when o is divided by 4?
3
Suppose -4*m = -5*r - 177 + 422, -5*m = -r + 70. What is the remainder when r is divided by 8?
5
Let w(a) = a**3 - 2*a**2 - 4*a + 2. Let n be w(4). Suppose -16 - n = -2*h. Calculate the remainder when h is divided by 9.
8
Let l(f) = -10*f - 5. Let d(q) = -29*q - 14. Let z(c) = 3*d(c) - 8*l(c). Let n(x) = 10*x**3 + x**2 - x. What is the remainder when z(-3) is divided by n(1)?
9
Let h(m) = 7*m - 2. Let a(z) = 9*z + 1. Calculate the remainder when a(5) is divided by h(2).
10
Suppose -105 - 66 = -9*p. Calculate the remainder when 72 is divided by p.
15
Suppose 4*p = 9*p - 80. What is the remainder when 44 is divided by p?
12
Suppose o = -a + 75 - 9, -a + 3*o = -50. Let w = 66 - 50. What is the remainder when a is divided by w?
14
Let l(n) = 15*n - 1. Let m(d) = d + 1. Let w be m(1). Suppose 0 = 4*h - g - w*g - 13, -2*g = h + 5. Calculate the remainder when 26 is divided by l(h).
12
Let h(a) = 53*a**2 - a. Calculate the remainder when h(-1) is divided by -22*((-22)/28 + 4/14).
10
Let l(m) = m - 9. Let a be l(8). What is the remainder when (0 - 2) + (-9)/a is divided by ((-8)/10)/((-2)/10)?
3
Suppose -4*g = -2*g - 6. What is the remainder when 14 is divided by g?
2
Let r be (-94)/(-10) + 3/5. Suppose c = -c + r. Let m = c - 0. Calculate the remainder when m is divided by 3.
2
Suppose -2*d - 2 = -b - 4, -2*b + 5*d - 9 = 0. Suppose 0 = -5*f - b - 2, -3*f + 3 = q. Calculate the remainder when 26 is divided by q.
8
Suppose 1 - 13 = 3*l. Let n be (-12)/(-9)*(-126)/l. Suppose 5*s = 3*s + q + n, -s + 43 = 5*q. Calculate the remainder when s is divided by 6.
5
Suppose -40 = -0*r + 2*r. What is the remainder when (-16)/r*(-70)/(-4) is divided by 8?
6
Let o be (-42)/(-2) - 1/(-1). Suppose 5*j - 29 = -4*b + o, j = -3*b + 19. Let d = j + -3. What is the remainder when d is divided by 2?
0
Let t(y) = 4*y**2 + 2*y - 2. Let s(m) = -m**3 + 9*m**2 - 6*m - 18. Let u be s(8). Calculate the remainder when 39 is divided by t(u).
9
What is the remainder when 65 is divided by -17*((-4)/4 - 0)?
14
Let n(d) = -d + 3. Calculate the remainder when 39 is divided by n(-11).
11
Let l = -280 - -348. What is the remainder when l is divided by (-8)/3*15/(-4)?
8
Suppose -7*l + 2*l = 135. Let y = -14 - l. Calculate the remainder when (-935)/(-25) - 2/5 is divided by y.
11
Suppose 0 = 2*q - 34 - 78. What is the remainder when q is divided by 19?
18
Let k(i) = 3*i - 3. Let a(j) = 4*j - 4. Let s(x) = 2*a(x) - 3*k(x). Let f be ((-1)/2)/((-1)/(-2)). What is the remainder when s(f) is divided by 2?
0
Let x(l) = -l**2 - 11*l + 14. Let f be x(-12). Suppose 0 = -f*s + 3*p + 65, -3*p + 28 + 0 = s. Calculate the remainder when s is divided by 16.
15
Suppose -4*n = -40 - 32. What is the remainder when 87 is divided by n?
15
Suppose -55 = -4*x + 2*l + l, 3*x = -4*l + 10. What is the remainder when x is divided by 5?
0
Let k(b) = -b**2 + 5*b + 3. Let q = 8 - 4. What is the remainder when 11 is divided by k(q)?
4
Suppose -2*g - 4*i = -104, 0 = -g + 2*i + 9 + 27. What is the remainder when 85 is divided by g?
41
Suppose -p + 31 = 11. What is the remainder when p is divided by 13?
7
Let r(j) = j + 7. Let s be r(-7). Let i(q) = q**2 - q + 5. Let l be i(s). Let g(f) = f**3 - 3*f**2 - 8*f + 4. What is the remainder when g(l) is divided by 8?
6
Suppose 0 = 4*g + g - 60. Suppose -4*m + 2*o = -83 - 99, m = 5*o + 50. Calculate the remainder when m is divided by g.
9
Let v(w) = -7*w - 1. Let s be v(-8). What is the remainder when (-10)/s - 818/(-22) is divided by 10?
7
Suppose 0 = -12*h + 188 + 28. Calculate the remainder when 49 is divided by h.
13
Let n(d) = d**2 + 11*d + 4. Let g be n(-8). Let q = 38 + g. What is the remainder when 35 is divided by q?
17
Let i(h) = 2*h - 3. Suppose 3*x + 58 + 38 = 0. Calculate the remainder when 5*(x/(-10) - -1) is divided by i(7).
10
Let d be -1*(0 + -1)*2. Calculate the remainder when 1*(13 + (-4)/d) is divided by 6.
5
Let n = 7 - 0. Calculate the remainder when n is divided by 2.
1
Let z(t) = -68*t - 2. Let g be z(6). Calculate the remainder when 2/(-7) - g/14 is divided by 10.
9
Suppose 0 = -i + 5*w + 31, 5*w - 2 + 126 = 4*i. Calculate the remainder when i is divided by 11.
9
Let j(a) be the first derivative of 2*a**3/3 - 6*a**2 - 9*a - 1. What is the remainder when j(9) is divided by 16?
13
Let r be 2/(-5) + (-102)/(-30). Suppose -67 = -r*t + 29. What is the remainder when t is divided by 11?
10
Let x = 51 + -6. What is the remainder when x is divided by 12?
9
Suppose -7*c = -50 - 62. Calculate the remainder when c is divided by 5.
1
What is the remainder when 69 is divided by (24/(-14))/(4/(-42))?
15
Let j(l) be the second derivative of l**4/12 - l**3/3 + l**2 + 21*l. Let y be 5*(